m. List the prime factors of l.
2
What are the prime factors of (-2)/(-4) - (5 + 207/(-6))?
2, 3, 5
List the prime factors of ((-18)/(-3))/2 + 18.
3, 7
Let k(v) = -v - 5. Let y be k(-8). Suppose y*b + 21 = -c + 4*c, c - 5 = 0. Let z = b - -25. List the prime factors of z.
23
Let s = -19 - -21. Suppose -a - 126 = -4*c + c, -5*c + s*a + 211 = 0. What are the prime factors of c?
41
Let q(x) = -x**3 + 21*x**2 + 29*x - 7. What are the prime factors of q(22)?
3, 7
List the prime factors of ((-43)/(-2) - 0)*(14 + -12).
43
Suppose -4*s = -8, 2*s - 284 = -4*f - f. What are the prime factors of f?
2, 7
Let l = 6 - 6. Suppose 4*x = -l*x. Suppose x*h = 2*h - 24. List the prime factors of h.
2, 3
Let t(k) = 20*k**2 + k. List the prime factors of t(1).
3, 7
Let t be 5 + 0 + 0 - -1. Suppose 4 = 5*o - t. What are the prime factors of o?
2
List the prime factors of 1*(0 + 8) + 4.
2, 3
Suppose 0*t - 5 = t. Let u be 2/t - 12/(-5). List the prime factors of 2/((u/1)/4).
2
What are the prime factors of 3 - 7 - ((-324)/2)/2?
7, 11
Let r be -1 - -4 - (-162)/(-9). Let f(s) = s**3 + 5*s**2 - 4*s + 5. Let h be f(-5). Let m = h + r. List the prime factors of m.
2, 5
Suppose -o - 2*c + 204 = 0, 3*c - c + 826 = 4*o. What are the prime factors of o?
2, 103
Let y(s) = 5*s - 3. What are the prime factors of y(6)?
3
Suppose 0 = 2*t - 0 - 4. Suppose 6*d - t*d = 0. What are the prime factors of 6 + (-3 - d) - 1?
2
Let u be (-1)/(35/(-34) + 1). Suppose 5*f = -5*o + u + 21, 3*f + 2*o = 30. What are the prime factors of f?
2
What are the prime factors of 13622/35 - (-1)/(-5)?
389
Suppose -3*z = -1 - 17. Let x(u) = u**3 - 4*u**2 - 9*u + 2. List the prime factors of x(z).
2, 5
Suppose 80 + 39 = 4*g + 3*y, -3*g + 2*y + 85 = 0. List the prime factors of g.
29
What are the prime factors of (-227)/(-5) + (-18)/45?
3, 5
Let n be (-414)/(-14) + 30/70. Let d = n + -13. What are the prime factors of d?
17
Suppose 4*x - 2*b - 25 = 41, x - b - 15 = 0. Suppose i = w + 4*w - x, -5*i + 4*w - 6 = 0. What are the prime factors of i?
2
Suppose -u = -3*m, -3*m + 0*m - 4*u = 0. Let l be 2*1 + 51/3. Suppose -h - 4*a + l = 0, m*h = -h - 5*a + 21. List the prime factors of h.
11
List the prime factors of (-2 + -2 - -57)*1.
53
Let b(s) be the second derivative of -s**5/20 - 5*s**4/12 - s**3/3 - 6*s**2 - 9*s. What are the prime factors of b(-6)?
2, 3
Let i(a) = -a - 6. Let s(q) = 2*q + 13. Let o(w) = -5*i(w) - 2*s(w). Let r be ((-4)/6)/((-2)/24). List the prime factors of o(r).
2, 3
What are the prime factors of (-4)/26 - (5438/(-26) - 0)?
11, 19
Let h be 75*(2 + -3)*1. Let w = h + 108. List the prime factors of w.
3, 11
Suppose -2*r = 5*w - 58, 4*w - 44 = -3*r - r. What are the prime factors of w?
2, 3
List the prime factors of (2 - -2)/(4/8) + -4.
2
Suppose -l - 7 = -1. Let m(h) = -h**3 - 6*h**2 - 2*h - 1. Let d be m(l). Let c = d + -8. List the prime factors of c.
3
Let n be 1 - 3*4/(-6). Suppose -w = 2*w - 4*u - 97, -2*u = -n*w + 89. What are the prime factors of w?
3
Let v be 8/(-44) + (-1953)/(-33). Suppose j = -3*n - n - 11, 3*j - 3 = -3*n. Suppose -2*u = j*p - v, 3*p - 2*u = -3*u + 36. What are the prime factors of p?
13
Suppose -51 = -2*k - 47. Let b(v) = -v**3 + 5*v**2 + 5*v. Let i be b(4). Suppose k*c - i = -6. List the prime factors of c.
3, 5
Let z = -53 - -90. What are the prime factors of z?
37
Let i(p) = p + 2. Let u be i(-4). Suppose c + 156 = -4*n, c = -3*n + 6*c - 94. List the prime factors of (-1)/u - n/4.
2, 5
Let d(m) = m**3 - 5*m**2 + 4*m - 3. Let a be d(7). Suppose -10*g = -7*g - a. What are the prime factors of g?
41
Let p = 7 - 6. Let s be p/((-26)/(-12) - 2). Suppose k = -0*k + s. List the prime factors of k.
2, 3
Let r = -3 + 2. What are the prime factors of r/(-2) - 195/(-10)?
2, 5
Let p(i) be the first derivative of 14*i - 1/4*i**4 - 3 + 0*i**3 - 1/2*i**2. List the prime factors of p(0).
2, 7
Let u be (-27)/6*(-52)/(-3). Let o = u + 110. What are the prime factors of o?
2
Let h be (18/(-8))/((-33)/88). Suppose 0 = h*t - t - 25, -5*t + 19 = -2*o. What are the prime factors of o?
3
Suppose -6*u = 5*j - u - 235, 0 = 4*u + 12. List the prime factors of j.
2, 5
Let u be (-20)/(-6)*204/(-85). Let k(y) = -2*y - 6 - 8*y**2 - 4 - y**3 + 0. What are the prime factors of k(u)?
2, 3
What are the prime factors of (3 - 62/10)*-10?
2
Suppose -2*y - 2*y + 84 = 0. List the prime factors of y.
3, 7
Suppose 14 = a - 2*f - 10, -63 = -4*a - 3*f. List the prime factors of a.
2, 3
Let y be 24/(-132) + (-2182)/(-22). Suppose -4*s - 4*d = -88 - 16, 0 = 3*s - 4*d - y. List the prime factors of s.
29
Let a = 112 + 15. List the prime factors of a.
127
Suppose k + 3*v - 5 = 0, -k + 5*v + 37 = -8. Let q = k + -12. List the prime factors of q.
2
Let m = 28 + -6. Let j = m - 7. List the prime factors of j.
3, 5
Let k(r) = 3*r**2 - 1. Let f be k(1). Suppose -2*t + 13 = w, 5 = f*w - 4*t + 3. What are the prime factors of w?
7
Suppose l - 2 - 2 = 0. Let o be ((-3)/l)/((-1)/(-12)). What are the prime factors of (-2)/o*3*30?
2, 5
Let n(w) = -w**3 + 8*w**2 - 11*w + 13. List the prime factors of n(4).
3, 11
Suppose -6 = -z + 8. Suppose 5*f + z = 39. List the prime factors of f.
5
Suppose -u - 5 = -4*l, -3*u = 2*l - 4*u - 5. Suppose -6*p + p = l. What are the prime factors of 11 - (p + 0 + -1)?
2, 3
What are the prime factors of (-13*(-99)/12)/((-27)/(-72))?
2, 11, 13
Let f(k) = -11*k - 1. What are the prime factors of f(-2)?
3, 7
Suppose 0*c - 690 = -5*c. What are the prime factors of c?
2, 3, 23
Suppose 5*m + 0*m = 220. What are the prime factors of m?
2, 11
What are the prime factors of 551/5 + 12/(-60)?
2, 5, 11
Suppose 4*u - 5*r - 270 = 0, -2*r = -4*u - 0*r + 276. What are the prime factors of u?
2, 5, 7
Suppose 7*z - 6*z - 40 = 0. What are the prime factors of z?
2, 5
What are the prime factors of 6/(-21) - 107/(-7)?
3, 5
Let s be -1*1*(-2 + -6). Suppose s - 2 = -b. List the prime factors of b/15 + 261/15.
17
Suppose 4 = -m + 2*m. Let q(f) be the first derivative of f**3/3 - 2*f**2 + 5*f - 2. What are the prime factors of q(m)?
5
Let z(j) = j**2 - 6*j - 10. Let h(p) = -p**3 - 6*p**2 + 7*p + 8. Let x be h(-7). What are the prime factors of z(x)?
2, 3
Let r(q) = -q**3 - 2*q**2 + 3*q + 3. Let f be r(-3). Suppose a + 4 + f = 0. Let h(s) = -s**2 - 9*s - 8. What are the prime factors of h(a)?
2, 3
Let y(o) = -2*o - 13. Let i be y(-6). List the prime factors of 5/i*9/(-3).
3, 5
Suppose 0 = 2*z - 2. Suppose 0 = -2*q + 27 + z. What are the prime factors of q?
2, 7
Suppose 5*d - 60 - 480 = 0. Let c = -63 + d. What are the prime factors of c?
3, 5
Let o(m) = -21 + 3*m + 21 - 28. What are the prime factors of o(14)?
2, 7
Suppose -55 = -2*k - 23. List the prime factors of k.
2
Let a(x) = -x - 7. Let y be a(-11). Let j = y + 1. What are the prime factors of j?
5
Suppose 42 = l - 1. List the prime factors of l.
43
List the prime factors of (5 - (-1305)/36) + (-1)/4.
41
Let c = 69 - 12. What are the prime factors of c?
3, 19
Let a be (-12)/(-4 + 1) + -1. Let j(o) = 2 + a - 2 - 4 + 2*o. What are the prime factors of j(5)?
3
Suppose -168 = -2*j - j. Suppose -b - j = -5*b. What are the prime factors of b?
2, 7
Let n(p) = 2*p - 19. Suppose 5*u - 34 = 31. List the prime factors of n(u).
7
Let v(u) = -u**3 + 7*u**2 - 2*u - 6. Let t be v(6). Suppose -d = d - t. List the prime factors of d.
3
Let a(q) = 2*q**2 + 2*q - 10. Let v(f) = -f**2 - f + 10. Let g(r) = 2*a(r) + 3*v(r). Let b = -3 - -3. What are the prime factors of g(b)?
2, 5
Suppose -2*v = -3*v - 1. Let d = 19 - 15. Let i = d + v. What are the prime factors of i?
3
Suppose 0 = 3*l + 2*r - 14, -5*r + 4 + 4 = 3*l. Suppose 0 = 2*g - 0*g - l. Let a = 8 - g. What are the prime factors of a?
5
Let x be (-55)/(-20) - (-1)/4. Let w(a) = 1 - 6*a**x - 1 + 1. What are the prime factors of w(-1)?
7
Let z(d) be the second derivative of -d**5/20 + d**4/3 - d**3/3 + d**2/2 + 2*d. Let a be z(3). List the prime factors of a/2 - (-2)/2.
3
Suppose 0*y = -y + 5. Suppose -h - 1 = 0, y*h + 0 = -b + 8. List the prime factors of b.
13
Let h(f) = 6*f**2 + f - 2. List the prime factors of h(1).
5
Suppose -2*q - 140 = -3*q. What are the prime factors of q?
2, 5, 7
Suppose -3*c - 5*q + 134 = 0, -4*q = -3*c + 63 + 89. What are the prime factors of c?
2, 3
List the prime factors of 1/6 - 850/(-12).
